 s(i) = 75*i - 21. Suppose 31*y - 24 = 19*y. What is the remainder when s(y) is divided by 13?
12
Let q(x) = -51*x - 44. Let a(t) = -152*t - 132. Let n(o) = -3*a(o) + 10*q(o). What is the remainder when n(-2) is divided by 22?
20
Let s = -187 + 184. Calculate the remainder when (718 - -16)/((-6)/s) is divided by 74.
71
Let k(v) = 4*v**2 + 12*v + 8. Let j(i) = 21*i + 1. Let a be -1*((-2)/13 + 22/(-26)). What is the remainder when k(-6) is divided by j(a)?
14
Let g = 253 - 174. Let p = -53 + 57. Suppose -2*k + g = 5*m, -p*k + 5 = -3. What is the remainder when m is divided by 8?
7
Suppose -5*g + 1021 - 984 = l, 0 = g - 4. Calculate the remainder when 98 is divided by l.
13
Calculate the remainder when 729 - -2 - 28/2 is divided by 48.
45
Let q(c) = c**3 - 22*c**2 + 14*c + 157. Suppose 82 + 14 = 5*p - 3*b, -3*b = -9. Suppose 52 = -u + 3*u. Calculate the remainder when u is divided by q(p).
6
Let x(s) = 5616*s + 22479. Let i = -129 + 262. What is the remainder when i is divided by x(-4)?
13
Suppose -14*l = 13*l - 162. Suppose 0 = 5*q + 5*r - 110, -11*q + l*q + 2*r + 103 = 0. Calculate the remainder when q is divided by 6.
3
Suppose -38 = -5*l + 2*o, -3*o = 4*l + l - 18. Let g = -378 + 382. What is the remainder when (-7)/4*(-5 - (3 - g)) is divided by l?
1
Suppose -123*t + 121*t = -3016. Suppose -t = -10*h - 19*h. What is the remainder when h is divided by 32?
20
Let y = 1652 - 1618. Suppose -4*h + 6 = s + 2, 5*h = 0. Suppose -n - 2*p + 14 = 0, 2*n - 34 = -5*p + s*p. Calculate the remainder when y is divided by n.
16
Suppose -4*u + 11185 + 4567 = -4*m, 0 = -2*u - 2*m + 7864. Calculate the remainder when u is divided by 34.
25
Suppose -14*u + 268 + 180 = 0. Let o(z) = 13*z - 2. Let r(f) = -f**2 + 40*f - 6. Let t(n) = -7*o(n) + 2*r(n). What is the remainder when u is divided by t(-5)?
4
What is the remainder when 3330/(-72)*(-13 + 1) is divided by 146?
117
Suppose 3*s - 81 = -3*w, -5*s - 3*w = -0*s - 133. Suppose -z + 12 = -2*f + 23, -s = -4*f - 2*z. Calculate the remainder when 18 is divided by f.
0
Let z = -187 - -128. Let q = 24 - z. Calculate the remainder when q is divided by 24.
11
Let u = 6 - -56. Let n(i) = 2*i**3 - 7*i**2 + 18*i - 80. Let x(h) = 4*h**2 + 48*h + 4. Let z be x(-12). What is the remainder when u is divided by n(z)?
6
Let s(y) = -y**3 + 2*y**2 + 2*y + 2. Let b be s(3). Let g be (b/(1/3))/(36/(-24)). Suppose 2*a - 26 = -g. Calculate the remainder when a is divided by 10.
2
Let s = 212 - 153. Suppose -y + 0*y + 16 = 3*l, 3*y - 2*l = s. Calculate the remainder when 36 is divided by y.
17
Let i = -7184 - -7269. Calculate the remainder when 708 is divided by i.
28
Suppose 9*v - 16*v + 630 = 0. Let r be (-1 + (2 - -3))*v/(-24). Calculate the remainder when ((67 - 1)/(-3))/(10/r) is divided by 9.
6
Let p = -7423 - -7431. Suppose -5*d = -z - 19 - 3, 5*z - 2*d - 5 = 0. What is the remainder when p is divided by z?
2
Suppose -5*b + k = 152, -4*b = k - 4*k + 115. What is the remainder when 53 is divided by 12/6 - (3 + (b - -2))?
25
Suppose -6*w + 2884 - 460 = 0. Let y = -391 + w. What is the remainder when 194 is divided by y?
12
Let k be (12*39)/3*1. Let s be ((-1)/2*1)/((-1)/k). Suppose 8*h = 6*h + s. Calculate the remainder when h is divided by 6.
3
What is the remainder when 1062 is divided by 264/165 - (-64)/10?
6
Let g = -6788 - -6998. What is the remainder when g is divided by 122?
88
Let m be 13 - (-1 - 0 - -2). Suppose -m = 4*n, -2*h - 7 + 1 = 4*n. Calculate the remainder when (10/15)/(-2*h/(-36)) is divided by 3.
1
Suppose 93576 = 197*v - 115509 - 147485. Calculate the remainder when 3632 is divided by v.
12
Let u(y) = y + 36. Suppose -73 = 4*m + 39. What is the remainder when (-242 - m)*1/(-2) is divided by u(0)?
35
Suppose -q - 4*q = -3960. Suppose -4*c - q = 2*b, -10*b - c = -9*b + 392. Let f = 545 + b. What is the remainder when f is divided by 53?
51
Let h be (1 + 1)/((-3)/117*1). Let l = 228 + h. What is the remainder when l is divided by 11?
7
Let r(i) = -i**3 - 9*i**2 + 12*i + 41. Let y = -105 + 181. Suppose 2*g + y = 2*u, 0 = -g - 0*g. Calculate the remainder when u is divided by r(-10).
17
Calculate the remainder when (17/(17/(-172)))/(30/(-15)) is divided by 45.
41
Suppose -3*v - k = -85, v - 49 = -2*k - 19. Suppose 4*r - r + 259 = 2*h, 3*h - 426 = -3*r. Calculate the remainder when h is divided by v.
25
Suppose 0 = 56*g - 59*g + 126. Let x = -5 + g. What is the remainder when x is divided by 10?
7
Let p(t) = -t**3 + 3*t**2 + t. Let j be (15 + -8)/(-1 - (-4)/6). Let q = -18 - j. Calculate the remainder when 9 is divided by p(q).
0
Suppose -806*p = -782*p - 8256. Calculate the remainder when p is divided by 29.
25
Let c = 3780 - 3731. Calculate the remainder when 530 is divided by c.
40
Suppose -5*f + 1991 + 118 = -4*c, 4*c - 2*f = -2106. Let l = 669 + c. What is the remainder when l is divided by 12?
11
Let h = -12688 + 12738. What is the remainder when 818 is divided by h?
18
Suppose 4*q - 20 - 9 = 3*a, 0 = -q + a + 8. Suppose 4*y = -9*y + 91. Calculate the remainder when q is divided by 24/14 + (-2 - (-16)/y).
1
Let r(s) = -s + 9. Let z(o) = -5. Let i(x) = -6*r(x) - 11*z(x). Let g = 9580 + -9459. Calculate the remainder when g is divided by i(5).
28
Let t(b) = -b**3 - 9*b**2 + 8*b - 17. Let l be t(-7). Calculate the remainder when 86 is divided by 1*400/18 + 38/l.
20
Let o = 213 + -200. Let k(n) = 2*n**2 - 23*n - 18. What is the remainder when 33 is divided by k(o)?
12
Let q = 987 - 605. Let a = -371 + q. What is the remainder when 136 is divided by a?
4
Let q(g) = -34*g + 70. Let c(l) = l**3 + 15*l**2 + 21*l - 65. Let h be c(-13). What is the remainder when q(h) is divided by 18?
16
Calculate the remainder when ((-18)/(-12))/((-21)/(-2478)) is divided by 41.
13
Let n(z) = -6*z**2 - 5*z - 2. Let o be n(-5). Let f = o - -181. Suppose 0 = -222*x + 205*x + 340. Calculate the remainder when f is divided by x.
14
What is the remainder when 116 is divided by ((-107168)/112)/(-17) - -5*6/(-105)?
4
Let c(g) = -6*g**2 + 271*g - 350. What is the remainder when 661 is divided by c(43)?
34
Let c(l) = -l**2 + 711*l + 5764. What is the remainder when 299 is divided by c(-8)?
11
What is the remainder when ((-13)/(-52))/((2/(-6184))/(-1)) is divided by 97?
94
Let d be (-35)/(-3)*19/(665/63). Suppose -24*h - 39 = -2*z - 21*h, 3*h + d = z. What is the remainder when 68 is divided by z?
14
Let s(u) = 12*u - 38. Let b(w) = -w**3 + 26*w**2 + 56*w + 9. Let l be b(28). Calculate the remainder when s(l) is divided by 8.
6
Let o = 49 - 39. Suppose 5*q - 15 = o. Suppose -s = 5*u - 36, -3*s - q*u = -u - 64. Calculate the remainder when 94 is divided by s.
14
Let k be (12 - -176)*3/6. Let l = -84 + k. What is the remainder when 76 is divided by l?
6
Let v = 5844 - -1258. Calculate the remainder when v is divided by 111.
109
Let u = 5654 + -5623. What is the remainder when 237 is divided by u?
20
Let l(y) = 7*y**2 - y. Let p(u) = 2*u**3 + 63*u**2 - 187*u + 9. What is the remainder when p(3) is divided by l(-1)?
5
Suppose -r + 220*q = 225*q - 1877, 3*r + 4*q = 5664. What is the remainder when r is divided by 618?
38
Let z(u) = -u**3 + 12*u**2 - 5*u - 6. Let s(o) = 2*o**2 - o - 1. Let q(c) = -3*s(c) + z(c). What is the remainder when 477 is divided by q(5)?
9
Let w = -401 - -248. Let k = w - -168. Calculate the remainder when 295 is divided by k.
10
Calculate the remainder when (14/4)/((2 + -5)/(-114)) is divided by 906/54 + (-4)/(-18).
14
Let p(u) = 6*u + 12. Let i = -15 + 10. Let b be p(i). Calculate the remainder when 3/(b/74)*-3 is divided by 13.
11
Suppose 0 = -97*z + 86*z + 1254. Let m(b) = 10*b + 1. Let o be m(-10). Let q = o + z. What is the remainder when 209 is divided by q?
14
Calculate the remainder when (-18272)/(-38) + 1650/10450 is divided by 61.
54
Let g be (-27)/(-18)*(3 - (4 - 3)). Suppose 4*j - g*b - b = 792, -4*j + 3*b + 793 = 0. What is the remainder when j is divided by 29?
25
Let n be 2*(-1)/8 - 2403/(-12). Let a = 235 - n. What is the remainder when a is divided by 13?
9
Suppose 694 - 164 = 10*h. What is the remainder when 142 is divided by h?
36
Let h(r) = -r**3 + 16*r**2 + 8*r - 8. Let l = 34 + -18. Calculate the remainder when h(l) is divided by 41.
38
Let s(i) = i**2 + 169*i + 1027. Suppose 2*c = -4, -2*v + 5*v + 